{"id":67,"date":"2011-08-18T22:38:10","date_gmt":"2011-08-18T21:38:10","guid":{"rendered":"http:\/\/gregoriopeno.com\/wordpress\/?page_id=67"},"modified":"2021-05-07T17:39:50","modified_gmt":"2021-05-07T16:39:50","slug":"contacto-2","status":"publish","type":"page","link":"https:\/\/gregoriopeno.com\/?page_id=67","title":{"rendered":"Statement"},"content":{"rendered":"\n<figure class=\"wp-block-image size-large\"><a href=\"https:\/\/gregoriopeno.com\/wordpress\/wp-content\/uploads\/2021\/05\/lkjlkj.jpg\"><img loading=\"lazy\" width=\"1024\" height=\"582\" src=\"https:\/\/gregoriopeno.com\/wordpress\/wp-content\/uploads\/2021\/05\/lkjlkj-1024x582.jpg\" alt=\"\" class=\"wp-image-2747\" srcset=\"https:\/\/gregoriopeno.com\/wordpress\/wp-content\/uploads\/2021\/05\/lkjlkj-1024x582.jpg 1024w, https:\/\/gregoriopeno.com\/wordpress\/wp-content\/uploads\/2021\/05\/lkjlkj-300x170.jpg 300w, https:\/\/gregoriopeno.com\/wordpress\/wp-content\/uploads\/2021\/05\/lkjlkj-768x436.jpg 768w, https:\/\/gregoriopeno.com\/wordpress\/wp-content\/uploads\/2021\/05\/lkjlkj-1536x872.jpg 1536w, https:\/\/gregoriopeno.com\/wordpress\/wp-content\/uploads\/2021\/05\/lkjlkj-1612x916.jpg 1612w, https:\/\/gregoriopeno.com\/wordpress\/wp-content\/uploads\/2021\/05\/lkjlkj-1116x634.jpg 1116w, https:\/\/gregoriopeno.com\/wordpress\/wp-content\/uploads\/2021\/05\/lkjlkj-806x458.jpg 806w, https:\/\/gregoriopeno.com\/wordpress\/wp-content\/uploads\/2021\/05\/lkjlkj-558x317.jpg 558w, https:\/\/gregoriopeno.com\/wordpress\/wp-content\/uploads\/2021\/05\/lkjlkj-655x372.jpg 655w, https:\/\/gregoriopeno.com\/wordpress\/wp-content\/uploads\/2021\/05\/lkjlkj.jpg 2000w\" sizes=\"(max-width: 1024px) 100vw, 1024px\" \/><\/a><\/figure>\n\n\n\n<div style=\"height:100px\" aria-hidden=\"true\" class=\"wp-block-spacer\"><\/div>\n\n\n\n<h4>All processes involved in ceramics from the collection of the earth, the preparation of the clay, the creation of the object up until it is put under fire, mark a timeline that is familiar to me. The transformation of the material is for me a conceptual dictionary which defines an artistic routine aside of the one set by schools and other groups.<\/h4>\n\n\n\n<h4 class=\"has-text-align-left\">There exists a common gesture in all my objectual investigation, a gesture that is not simply a measurement between what is human and what is an object, but an assemblage, a crossroads with no dividing lines between practice and theory or craftsman and artist. Matter is conceived as an element of deepening and development.<\/h4>\n\n\n\n<div style=\"height:100px\" aria-hidden=\"true\" class=\"wp-block-spacer\"><\/div>\n\n\n\n<h4><span style=\"color: #999999;\">Los procesos que la conforman la cer\u00e1mica desde que se recoge la tierra, se prepara la arcilla, se crea el objeto y se somete al fuego, marcan una l\u00ednea temporal que me es familiar. La transformaci\u00f3n del material es para m\u00ed un diccionario conceptual que delimita un itinerario art\u00edstico al margen de lo fijado por escuelas y grupos.<\/span><\/h4>\n\n\n\n<h4><span style=\"color: #999999;\">Hay un gesto com\u00fan en toda mi investigaci\u00f3n objetual, un gesto que no es simplemente una mediaci\u00f3n entre lo humano y las cosas, sino un ensamblaje, un cruce de trayectorias  sin l\u00edneas divisorias entre practica y teor\u00eda o artesano y artista. La materia concebida como elemento de profundizaci\u00f3n y desarrollo.<\/span><\/h4>\n","protected":false},"excerpt":{"rendered":"<p>All processes involved in ceramics from the collection of the earth, the preparation of the clay, the creation of the object up until it is put under fire, mark a timeline that is familiar to me. The transformation of the material is for me a conceptual dictionary which defines an artistic routine aside of the&hellip;<\/p>\n","protected":false},"author":1,"featured_media":0,"parent":0,"menu_order":0,"comment_status":"closed","ping_status":"closed","template":"","meta":[],"_links":{"self":[{"href":"https:\/\/gregoriopeno.com\/index.php?rest_route=\/wp\/v2\/pages\/67"}],"collection":[{"href":"https:\/\/gregoriopeno.com\/index.php?rest_route=\/wp\/v2\/pages"}],"about":[{"href":"https:\/\/gregoriopeno.com\/index.php?rest_route=\/wp\/v2\/types\/page"}],"author":[{"embeddable":true,"href":"https:\/\/gregoriopeno.com\/index.php?rest_route=\/wp\/v2\/users\/1"}],"replies":[{"embeddable":true,"href":"https:\/\/gregoriopeno.com\/index.php?rest_route=%2Fwp%2Fv2%2Fcomments&post=67"}],"version-history":[{"count":28,"href":"https:\/\/gregoriopeno.com\/index.php?rest_route=\/wp\/v2\/pages\/67\/revisions"}],"predecessor-version":[{"id":2851,"href":"https:\/\/gregoriopeno.com\/index.php?rest_route=\/wp\/v2\/pages\/67\/revisions\/2851"}],"wp:attachment":[{"href":"https:\/\/gregoriopeno.com\/index.php?rest_route=%2Fwp%2Fv2%2Fmedia&parent=67"}],"curies":[{"name":"wp","href":"https:\/\/api.w.org\/{rel}","templated":true}]}}